common factor of 609226 and 62012?
838
Calculate the greatest common factor of 8 and 11497912.
8
What is the highest common divisor of 2585980 and 13525?
2705
What is the highest common divisor of 863871 and 13137?
453
What is the highest common factor of 14606817 and 7314?
69
Calculate the highest common divisor of 205 and 59504905.
5
What is the highest common factor of 681 and 213251291?
227
What is the highest common factor of 5 and 1149065?
5
What is the highest common divisor of 368 and 17482576?
368
What is the highest common factor of 463933 and 151721?
877
Calculate the greatest common factor of 200844488 and 8.
8
Calculate the highest common divisor of 33743 and 1123277.
41
Calculate the highest common divisor of 10828944 and 448.
112
What is the highest common divisor of 559356 and 280?
28
Calculate the highest common divisor of 32 and 36622112.
32
Calculate the highest common divisor of 189 and 60884271.
189
What is the highest common factor of 989879403 and 2382?
1191
What is the greatest common factor of 3091 and 1019749?
281
Calculate the greatest common factor of 819999 and 53163.
1611
What is the greatest common divisor of 10566766 and 666316?
6286
What is the highest common divisor of 656 and 31167872?
656
What is the highest common divisor of 1181780 and 925?
185
What is the highest common divisor of 18800 and 2380?
20
Calculate the highest common factor of 706094191 and 2629.
2629
Calculate the highest common factor of 613047570 and 1684.
842
What is the highest common divisor of 23938423 and 368?
23
What is the highest common factor of 382 and 28772?
2
Calculate the greatest common divisor of 383136 and 485472.
1248
Calculate the highest common divisor of 390288327 and 498.
249
Calculate the greatest common factor of 1904 and 6232982.
238
Calculate the highest common divisor of 49439 and 12662.
13
Calculate the greatest common factor of 21547 and 1867571.
29
Calculate the greatest common factor of 7600892 and 21632.
52
Calculate the highest common factor of 1510714806 and 174.
174
What is the highest common factor of 14336429 and 10373?
943
Calculate the greatest common divisor of 41316 and 1287369.
939
Calculate the greatest common divisor of 1882 and 1183214341.
941
Calculate the greatest common factor of 292408572 and 1041.
1041
Calculate the greatest common divisor of 6557 and 733056.
83
Calculate the greatest common factor of 2615 and 1255.
5
Calculate the highest common divisor of 6287160 and 480.
120
Calculate the greatest common factor of 125544868 and 28.
4
Calculate the greatest common divisor of 1156407 and 106.
53
What is the highest common factor of 732744 and 1216?
8
Calculate the greatest common factor of 1480 and 103369960.
40
What is the greatest common divisor of 7080710 and 4340?
2170
What is the highest common divisor of 17259397 and 212?
53
Calculate the greatest common divisor of 21816382 and 42.
14
Calculate the highest common factor of 456872190 and 1590.
1590
Calculate the highest common factor of 84 and 433648572.
84
Calculate the greatest common divisor of 8 and 135597148.
4
What is the highest common divisor of 72546 and 138351?
321
What is the highest common factor of 20265 and 76930?
35
Calculate the greatest common factor of 21553 and 6727.
7
Calculate the greatest common factor of 197115 and 9095.
85
What is the greatest common factor of 2234788 and 15940?
3188
Calculate the highest common divisor of 4852846 and 222.
74
What is the highest common factor of 206425 and 575?
575
What is the highest common divisor of 46827 and 112629341?
5203
What is the greatest common divisor of 754 and 169969?
29
Calculate the greatest common divisor of 388 and 126390418.
194
What is the greatest common factor of 325267 and 141895?
2183
What is the highest common factor of 14673385 and 685?
685
What is the greatest common factor of 2115 and 20529?
9
What is the greatest common divisor of 366459 and 7232?
113
What is the greatest common divisor of 9782165 and 65?
5
What is the highest common factor of 609919 and 122257?
683
What is the highest common divisor of 37547739 and 108261?
4707
What is the greatest common divisor of 13018184 and 86319?
3197
What is the greatest common divisor of 26 and 421702385?
13
Calculate the highest common divisor of 232 and 998093.
29
What is the highest common divisor of 452642 and 2669?
17
Calculate the highest common divisor of 699952 and 216931.
451
What is the greatest common divisor of 20292 and 1483719?
267
What is the highest common divisor of 824140 and 80?
20
Calculate the greatest common factor of 3452190 and 2281230.
3570
Calculate the highest common factor of 356160 and 33684.
84
Calculate the greatest common factor of 12223164 and 3492.
1164
Calculate the greatest common factor of 104880 and 9397020.
1140
What is the greatest common divisor of 789796 and 165088?
1876
What is the highest common factor of 15 and 132319455?
15
What is the highest common factor of 4028185 and 7454979?
11347
What is the greatest common factor of 1870 and 17761634?
374
Calculate the greatest common divisor of 110 and 254772485.
55
What is the highest common factor of 185438932 and 28?
28
Calculate the highest common factor of 3455232 and 2244.
132
What is the greatest common factor of 15363725 and 697?
41
What is the highest common divisor of 12336 and 1879728?
48
Calculate the highest common divisor of 768 and 3294528.
192
What is the highest common factor of 2159875 and 7005?
2335
Calculate the greatest common divisor of 17405 and 4005.
5
Calculate the greatest common divisor of 28 and 26113052.
28
Calculate the greatest common divisor of 912 and 215444496.
912
Calculate the highest common factor of 44711118 and 1908.
954
Calculate the highest common factor of 21149 and 8951.
1
Calculate the greatest common factor of 1737 and 376543.
193
What is the greatest common factor of 2331 and 2277009?
63
Calculate the highest common factor of 6568452 and 152.
76
What is the highest common factor of 266135 and 8181?
101
Calculate the highest common factor of 61923948 and 96.
12
Calculate the greatest common factor of 891 and 22121.
11
Calculate the greatest common factor of 30972 and 634404.
348
What is the highest common divisor of 208170279 and 34182?
1899
What is the greatest common factor of 4410 and 285811218?
882
Calculate the highest common factor of 2802140 and 6204.
2068
What is the highest common factor of 66902 and 158411772?
6082
Calculate the greatest common factor of 45764992 and 26208.
2912
What is the highest common divisor of 52758 and 1790154?
54
Calculate the highest common factor of 4452 and 1937292.
84
Calculate the highest common divisor of 490 and 130537715.
245
What is the highest common factor of 212 and 795829132?
212
Calculate the greatest common factor of 265021620 and 60.
60
Calculate the greatest common divisor of 28618985 and 2110.
1055
What is the highest common factor of 114 and 45704462?
38
What is the highest common factor of 899540 and 51559?
1097
What is the greatest common factor of 6939 and 1433032?
257
Calculate the greatest common divisor of 138801 and 28587.
39
What is the highest common factor of 830 and 144470?
10
Calculate the greatest common divisor of 985054 and 112.
14
What is the highest common factor of 20867 and 738199?
77
What is the greatest common factor of 2563077 and 808?
101
Calculate the greatest common factor of 27738 and 156722.
46
Calculate the highest common divisor of 153517 and 80207933.
3133
Calculate the highest common divisor of 61236 and 772850808.
8748
What is the greatest common factor of 6239335 and 185?
5
Calculate the highest common divisor of 43801767 and 225.
9
What is the greatest common factor of 5375 and 247750?
125
Calculate the highest common factor of 40 and 25681050.
10
What is the greatest common divisor of 3869208 and 80514?
1134
What is the highest common factor of 48415 and 5745?
5
Calculate the highest common divisor of 55500 and 27930000.
1500
What is the greatest common factor of 3337 and 1402997?
47
What is the greatest common divisor of 864109080 and 135?
135
What is the greatest common divisor of 58 and 3962038?
58
Calculate the greatest common factor of 177888925 and 769.
769
What is the greatest co